uppose 2*r = -4*f + 20, f + 9 = 4*r - 4. Let t = r + -3. Let q(p) = 12 + p + 0*p - 13 + 7*p. Determine q(t).
7
Let j(d) = d**3 - 5*d**2 + 3*d + 4. Let l be ((-12)/(-4) + 73)/2. Suppose l*y + 3 = 39*y. Calculate j(y).
-5
Let h be 0/(3 - -1) + -12. Let y be h*(-1 - 3/(-9)). Let k be ((-32)/(-20))/(y/20). Let i(g) = -g**3 + 4*g**2 - 2*g + 1. What is i(k)?
-7
Let i(q) be the second derivative of -q**4/12 + 13*q**3/6 + 21*q**2/2 - 590*q. What is i(15)?
-9
Let s(x) = -6*x - 4*x**2 - 3*x**3 - 2 - x**2 + 2*x**3. Let c be ((3 - 0) + -7)*(-180)/(-16). Let u = c + 41. Determine s(u).
6
Let m(p) = p**3 - 7*p**2 + 3*p + 2. Suppose 7*t + 28 = 5*x + 6*t, -22 = -3*x - 2*t. Determine m(x).
-16
Let s(m) be the first derivative of -m**5/20 + m**4/4 + m**3/6 + m**2/2 + 23*m + 2. Let f(z) be the first derivative of s(z). What is f(3)?
4
Suppose 0 = 5*w + 8 + 17. Let j(p) be the first derivative of 1 - 3*p + 0*p**2 - 1/4*p**4 - 5/3*p**3. Give j(w).
-3
Let z(f) = -8*f - 9. Let p be z(-3). Let k(v) = 4*v - 59. Determine k(p).
1
Let y(l) = -2*l**2 - 3*l. Let i be (-3 + 7)*(-3)/(-4). What is y(i)?
-27
Suppose -b = 4*b. Suppose -5*m - k = -21, 2*m - k - 3*k - 4 = b. Let s(z) = -3*z - 1. Determine s(m).
-13
Suppose 8 = -4*w - 12. Let j = -2 - w. Let b(k) be the first derivative of 3*k**2/2 - k + 1825. Give b(j).
8
Let x(a) = 17*a - 11. Let o(s) = -8*s + 5. Let v(p) = 13*o(p) + 6*x(p). Determine v(-1).
1
Let i = -686 - -683. Let t(u) = -2*u**2 - 3*u - 1. Give t(i).
-10
Let t be 12/16*(10 - 6). Let m(s) = s**3 - 4*s**2 - 5*s + 4. Give m(t).
-20
Suppose -80 = -24*z + 40*z. Let r(l) = 4 - 5 + 0 + l. Give r(z).
-6
Let d(k) = -k**2 + 5*k + 9. Let t(y) = -2*y**2 + 11*y + 19. Let a(c) = -5*d(c) + 3*t(c). Let u = 784 + -774. Calculate a(u).
-8
Let o = -20 - -26. Suppose -5*u - o = 3*t, 0*u - 3*u = -3*t - 6. Suppose 0 = -4*h - u - 4. Let z(v) = 5*v**2 - 1. What is z(h)?
4
Suppose -14 + 6 = -4*t. Suppose -t*a = 3*a + 25. Let g(c) = -c**3 - 4*c**2 + 6*c - 2. Determine g(a).
-7
Let d(p) = -2*p**2 + p + 3. Let r = 19 - 6. Let c = 10 - r. Calculate d(c).
-18
Suppose 37*t = -0*t - 11 + 11. Suppose 4*v = 5*d - 26, -2*v + 12 = -4*d - 7*v. Let u(f) = 2*f - f**2 + 2 + 0*f**d - 3*f. What is u(t)?
2
Let z be (-8)/20 + 291/15. Suppose 26*k - 21 = z*k. Let i(m) = -4*m - 2. Calculate i(k).
-14
Let c(m) = 3*m**2 - m**3 + 81 - 155 - 2*m + 73. What is c(3)?
-7
Let q be 5*3/2*14/21. Let f(h) = -h**3 + 4*h**2 + 4*h + 7. What is f(q)?
2
Let n(k) be the first derivative of k**3/3 + 2*k**2 - k - 224. Give n(-2).
-5
Let s(v) be the second derivative of -7/3*v**3 - 3*v + 0*v**2 + 0. Suppose 7 = 3*u + 4*u. Determine s(u).
-14
Let t(x) = -3*x**2 + 11*x + 5. Let c be -6*-2*6/18. Give t(c).
1
Suppose -4*b = -0*b - 20. Suppose 0 = 2*h - 4 - 2. Let q(z) = 5*z**2 + 4*z**h + 2*z**2 + 4 - b*z**3 + 3*z - 4*z**2. Calculate q(4).
0
Let l = 23 + -18. Let d(s) = -18*s - l + 20*s - 2. Calculate d(5).
3
Let n = -44 + 47. Let m(w) = -2*w - 8*w**n + 2*w - 2*w**2 + 1 + 2*w + 10*w**3. What is m(2)?
13
Let n(l) = 2*l - 1. Let i(h) = 3*h - 1. Let q(w) = -w + 1. Let g(k) = i(k) + 2*q(k). Let v(f) = 4*g(f) - n(f). Determine v(-7).
-9
Suppose 2*x = 4 + 4. Let o be (-1 - x)*(-12)/10. Let j(t) = -9 + 11 + o*t + 3*t**2 - 2*t**2. Calculate j(-6).
2
Suppose 0 = 16*z - 67 - 13. Let s(d) be the third derivative of -1/10*d**5 + 1/4*d**4 + 1/3*d**3 + 0 + 0*d - d**2 + 1/120*d**6. Determine s(z).
7
Let d(r) = 21*r**3 + 0*r**2 - 9*r**3 - r**2. What is d(-1)?
-13
Suppose -3*u = -5*i - 20, 7*i - 11*i - 16 = u. Let a(p) = -p**2 - p - 27. What is a(u)?
-27
Let f(y) be the first derivative of 3*y**2/2 + 15*y + 280. Calculate f(0).
15
Let d(u) = -2*u - 5. Let c be d(-5). Suppose -9 = 3*t - 3*l - 21, c*l = 2*t + 1. Suppose -t*a + 4*a = -12. Let s(h) = 2*h - 3. What is s(a)?
5
Let d = 1488 - 1488. Let f(b) be the third derivative of -1/3*b**4 + 0*b**3 + 0*b - 14*b**2 + 1/60*b**5 + d. Determine f(7).
-7
Let p(m) be the third derivative of 0 - m**2 + 0*m**5 - 1/6*m**3 + 7/120*m**6 + 0*m**4 + 0*m. Let d(k) = -k - 13. Let r be d(-12). What is p(r)?
-8
Let x(h) = h**2 - h. Let b(p) = 2*p**2 + 49*p + 68. Let y be b(-23). Calculate x(y).
2
Let d(v) be the first derivative of -v**2/2 - 5*v - 76. What is d(-7)?
2
Let x = 5 + -3. Suppose -b = x*b. Let w(l) = -4 + 6*l**3 - 5*l**3 - 6 + 7. Calculate w(b).
-3
Let z(n) be the second derivative of n**3/3 - n**2/2 + 3*n. Let y(x) = -x**3 - 14*x**2 - 13*x + 5. Suppose -56 + 4 = 4*r. Let q be y(r). Give z(q).
9
Let o(g) = -6 + g**3 - 3*g**2 - 2*g**2 - 5*g + g**2. Let s = -30 + 35. Suppose 0*k + b = 5*k - 24, -5*b - 20 = -s*k. Give o(k).
-6
Let g(u) be the first derivative of -5*u**4/4 - u**3/3 + u**2 - u - 2. Calculate g(1).
-5
Let k(l) = l**3 - l**2 + l + 1. Let n(d) = -8*d**2 + 5*d + 8. Let p(g) = k(g) + n(g). Determine p(8).
-7
Let q(i) = -3*i - 4. Let g(f) = -16*f + 9. Let r(t) = g(t) - 3*q(t). What is r(4)?
-7
Suppose 3*v - w - 25 = 0, -2*v = -3*w - 12 + 7. Let r(t) be the third derivative of -5/6*t**3 + v*t**2 + 0*t + 1/12*t**4 + 0. Give r(5).
5
Let c(q) = 2*q**2 - 4. Let n be c(3). Suppose -6*w + 8 = -n*w. Let p(m) be the first derivative of m**4 - 2*m**3/3 - m**2 - m - 1. Give p(w).
-5
Let i(m) = 3*m + 1. Suppose 3*x - 8 = -2*z + 5, z = -3*x + 8. Suppose 1 = -z*y - 4. Give i(y).
-2
Suppose -3 = -u + 4*g, g = -2*u + 4*g + 11. Let d(p) = -p**3 - 3*p - 4*p**2 + 2 + u*p - 3*p. Suppose -7 - 1 = 3*b + m, 4*b - 3*m + 28 = 0. Calculate d(b).
-2
Let v(o) = 16*o**3 + 9*o**2 - 5*o - 11. Let f(x) = 13*x**3 + 8*x**2 - 5*x - 10. Let i(n) = 5*f(n) - 4*v(n). What is i(-4)?
14
Let h = 536 - 530. Let a(m) = -2*m + 5. Determine a(h).
-7
Let v(h) = h**3 + 6*h**2 + h + 3. Suppose 2*t - 5*l = -0*t + 735, -4*l = 2*t - 708. Let i be t/(-16)*(-4)/5. Let m = 12 - i. Determine v(m).
-3
Suppose 84*o = 49*o + 35. Let z(q) = 29*q**2 - q + 2. Calculate z(o).
30
Let b(l) = 10*l**3 - 19*l**2 - 25*l - 15. Let y(v) = -3*v**3 + 6*v**2 + 8*v + 5. Let m(h) = -2*b(h) - 7*y(h). Determine m(5).
-10
Suppose -2*s + 3*s - 5*b = 19, -15 = 5*b. Suppose -9*v = 2*v. Let l(a) = 3*a + 6 + 0 + v + a**3 + s*a**2. Calculate l(-4).
-6
Let u(z) = -3 + 1 - 3*z**2 - 2 + 2. Let c(g) = -g. Let h(a) = 4*c(a) - u(a). Calculate h(2).
6
Let y(b) = -b - 11. Let d(c) = -2*c - 8. Let m be d(-6). Suppose -m*w - 8 = 12. What is y(w)?
-6
Let v = -742 - -739. Let j(o) = 6*o + 3. Give j(v).
-15
Suppose 26 = 5*n + 6. Suppose -2 - 3 = i + n*b, -5*i - 3*b = -9. Let t(r) = 7*r**2 - r - 3. Let s(l) = -6*l**2 + l + 2. Let w(c) = 6*s(c) + 5*t(c). Give w(i).
-9
Let m(n) be the second derivative of 17*n**3/6 + n**2/2 + 3*n + 47. What is m(1)?
18
Let l(q) = 2 + 12 - 10 + 5 - 3*q + 6*q. Determine l(-4).
-3
Suppose 3*h - 5 = 2*h + 5*v, -v - 1 = h. Suppose -t - 2*t = 0. Let d(f) = -5 + f + 6*f**2 - 5*f**2 + t + f**3. Calculate d(h).
-5
Let c(s) be the third derivative of s**4/24 + 2*s**2 - 18*s. What is c(-6)?
-6
Let u be 1*((-1 - -3) + -11). Let j(z) = -z**2 - 7*z + 9. Give j(u).
-9
Let g(x) be the second derivative of x**3/3 + 2*x**2 - 7*x + 1. What is g(0)?
4
Let u be (-1)/1*1*0. Suppose 2*m - 4 = u, -m - 4*m + 43 = -3*q. Let l(s) = -34*s**2 + s - 6. Let n(w) = 7*w**2 + 1. Let c(a) = q*n(a) - 2*l(a). What is c(1)?
-10
Let r(c) = c**3 - c - 5. Let h be -2*8/(-3 + -1). Suppose -3*a + h*g = -4, -g + 1 = 2. Calculate r(a).
-5
Let d(y) = y + 3. Suppose 0 = -2*a + 5 - 11. Give d(a).
0
Suppose 15 = 2*r + 11. Let q(c) = 7*c - c**2 + r*c**2 - c - 2 - 5*c. Give q(-4).
10
Let f(j) = 2*j + 7. Let z be f(2). Let d be (z + -1)*(-2)/(-4). Let b(s) = s - 7. What is b(d)?
-2
Let l(k) be the second derivative of k**4/12 + k**3 - k**2 + 3*k - 34. Calculate l(-6).
-2
Let g = 349 + -1046/3. Let q(c) be the first derivative of g*c**3 + 12 + 1/2*c**2 - 4*c. Calculate q(0).
-4
Let o be (-2)/7 + 9/(189/195). Let d(h) = -6*h + o*h + 7 - 2. Suppose 20 = 2*p - 7*p. Calculate d(p).
-7
Let f(s) = -3*s**2 - 15*s + 1. Let t(w) = w**2 + 2*w - 2. Let u(k) = f(k) + 4*t(k). Give u(-5).
53
Suppose -5*i = -0*u - u - 97, 0 = 4*i - 3*u - 71. Suppose -4*c = c - i. Let k(l) = -l**3 + 3*l**2 + 2*l + 5. What is k(c)?
-3
Let u(r) = -3*r - 2*r - 5*r. What is u(1)?
-10
Let f(d) = -9*d**3 + d. Let v be (3 - -3)/(3/10). Let s(z) = 4*z**2 + z + 1. Let y be s(2). Let x = y - v. Calculate f(x).
8
Let n(m) = -m - 9. Let v(s) = 3*s**2 -